[INFO] cloning repository https://github.com/kamalasaurus/boolean-query-parser
[INFO] running `Command { std: "git" "-c" "credential.helper=" "-c" "credential.helper=/workspace/cargo-home/bin/git-credential-null" "clone" "--bare" "https://github.com/kamalasaurus/boolean-query-parser" "/workspace/cache/git-repos/https%3A%2F%2Fgithub.com%2Fkamalasaurus%2Fboolean-query-parser", kill_on_drop: false }`
[INFO] [stderr] Cloning into bare repository '/workspace/cache/git-repos/https%3A%2F%2Fgithub.com%2Fkamalasaurus%2Fboolean-query-parser'...
[INFO] running `Command { std: "git" "rev-parse" "HEAD", kill_on_drop: false }`
[INFO] [stdout] 1afe1cad4ef2c41b15c1050800cb5a0af8cff9d1
[INFO] building kamalasaurus/boolean-query-parser against master#ff34b919075f35a1787659e9c448a34b06bab8de for issue-85264
[INFO] running `Command { std: "git" "clone" "/workspace/cache/git-repos/https%3A%2F%2Fgithub.com%2Fkamalasaurus%2Fboolean-query-parser" "/workspace/builds/worker-3/source", kill_on_drop: false }`
[INFO] [stderr] Cloning into '/workspace/builds/worker-3/source'...
[INFO] [stderr] done.
[INFO] validating manifest of git repo https://github.com/kamalasaurus/boolean-query-parser on toolchain ff34b919075f35a1787659e9c448a34b06bab8de
[INFO] running `Command { std: "/workspace/cargo-home/bin/cargo" "+ff34b919075f35a1787659e9c448a34b06bab8de" "metadata" "--manifest-path" "Cargo.toml" "--no-deps", kill_on_drop: false }`
[INFO] started tweaking git repo https://github.com/kamalasaurus/boolean-query-parser
[INFO] finished tweaking git repo https://github.com/kamalasaurus/boolean-query-parser
[INFO] tweaked toml for git repo https://github.com/kamalasaurus/boolean-query-parser written to /workspace/builds/worker-3/source/Cargo.toml
[INFO] crate git repo https://github.com/kamalasaurus/boolean-query-parser already has a lockfile, it will not be regenerated
[INFO] running `Command { std: "/workspace/cargo-home/bin/cargo" "+ff34b919075f35a1787659e9c448a34b06bab8de" "fetch" "--manifest-path" "Cargo.toml", kill_on_drop: false }`
[INFO] running `Command { std: "docker" "create" "-v" "/var/lib/crater-agent-workspace/builds/worker-3/target:/opt/rustwide/target:rw,Z" "-v" "/var/lib/crater-agent-workspace/builds/worker-3/source:/opt/rustwide/workdir:ro,Z" "-v" "/var/lib/crater-agent-workspace/cargo-home:/opt/rustwide/cargo-home:ro,Z" "-v" "/var/lib/crater-agent-workspace/rustup-home:/opt/rustwide/rustup-home:ro,Z" "-e" "SOURCE_DIR=/opt/rustwide/workdir" "-e" "CARGO_TARGET_DIR=/opt/rustwide/target" "-e" "CARGO_HOME=/opt/rustwide/cargo-home" "-e" "RUSTUP_HOME=/opt/rustwide/rustup-home" "-w" "/opt/rustwide/workdir" "-m" "1610612736" "--user" "0:0" "--network" "none" "ghcr.io/rust-lang/crates-build-env/linux@sha256:20528e8c29e4536546f0102ce88568b16ea7538393a33fcca951030f7af10457" "/opt/rustwide/cargo-home/bin/cargo" "+ff34b919075f35a1787659e9c448a34b06bab8de" "metadata" "--no-deps" "--format-version=1", kill_on_drop: false }`
[INFO] [stderr] WARNING: Your kernel does not support swap limit capabilities or the cgroup is not mounted. Memory limited without swap.
[INFO] [stdout] 961fa8606950caa8cec7308d7f3e879e3ce726817129228a1f7d0a8f408b7152
[INFO] running `Command { std: "docker" "start" "-a" "961fa8606950caa8cec7308d7f3e879e3ce726817129228a1f7d0a8f408b7152", kill_on_drop: false }`
[INFO] running `Command { std: "docker" "inspect" "961fa8606950caa8cec7308d7f3e879e3ce726817129228a1f7d0a8f408b7152", kill_on_drop: false }`
[INFO] running `Command { std: "docker" "rm" "-f" "961fa8606950caa8cec7308d7f3e879e3ce726817129228a1f7d0a8f408b7152", kill_on_drop: false }`
[INFO] [stdout] 961fa8606950caa8cec7308d7f3e879e3ce726817129228a1f7d0a8f408b7152
[INFO] running `Command { std: "docker" "create" "-v" "/var/lib/crater-agent-workspace/builds/worker-3/target:/opt/rustwide/target:rw,Z" "-v" "/var/lib/crater-agent-workspace/builds/worker-3/source:/opt/rustwide/workdir:ro,Z" "-v" "/var/lib/crater-agent-workspace/cargo-home:/opt/rustwide/cargo-home:ro,Z" "-v" "/var/lib/crater-agent-workspace/rustup-home:/opt/rustwide/rustup-home:ro,Z" "-e" "SOURCE_DIR=/opt/rustwide/workdir" "-e" "CARGO_TARGET_DIR=/opt/rustwide/target" "-e" "CARGO_INCREMENTAL=0" "-e" "RUST_BACKTRACE=full" "-e" "RUSTFLAGS=--cap-lints=forbid" "-e" "CARGO_HOME=/opt/rustwide/cargo-home" "-e" "RUSTUP_HOME=/opt/rustwide/rustup-home" "-w" "/opt/rustwide/workdir" "-m" "1610612736" "--user" "0:0" "--network" "none" "ghcr.io/rust-lang/crates-build-env/linux@sha256:20528e8c29e4536546f0102ce88568b16ea7538393a33fcca951030f7af10457" "/opt/rustwide/cargo-home/bin/cargo" "+ff34b919075f35a1787659e9c448a34b06bab8de" "build" "--frozen" "--message-format=json", kill_on_drop: false }`
[INFO] [stdout] 2ea162872092eb67bcb2d7717188856e5633392beb668e13a4150323865c8ca2
[INFO] [stderr] WARNING: Your kernel does not support swap limit capabilities or the cgroup is not mounted. Memory limited without swap.
[INFO] running `Command { std: "docker" "start" "-a" "2ea162872092eb67bcb2d7717188856e5633392beb668e13a4150323865c8ca2", kill_on_drop: false }`
[INFO] [stderr]    Compiling boolean-query-parser v0.1.0 (/opt/rustwide/workdir)
[INFO] [stdout] error[E0308]: mismatched types
[INFO] [stdout]  --> src/main.rs:1:26
[INFO] [stdout]   |
[INFO] [stdout] 1 | fn main(source: &str) -> String {
[INFO] [stdout]   |    ----                  ^^^^^^ expected struct `String`, found `()`
[INFO] [stdout]   |    |
[INFO] [stdout]   |    implicitly returns `()` as its body has no tail or `return` expression
[INFO] [stdout] 
[INFO] [stdout] 
[INFO] [stdout] error[E0308]: mismatched types
[INFO] [stdout]   --> src/main.rs:21:27
[INFO] [stdout]    |
[INFO] [stdout] 21 | fn parse(source: &str) -> Vec<Token> {
[INFO] [stdout]    |    -----                  ^^^^^^^^^^ expected struct `Vec`, found `()`
[INFO] [stdout]    |    |
[INFO] [stdout]    |    implicitly returns `()` as its body has no tail or `return` expression
[INFO] [stdout]    |
[INFO] [stdout]    = note: expected struct `Vec<Token>`
[INFO] [stdout]            found unit type `()`
[INFO] [stdout] 
[INFO] [stdout] 
[INFO] [stdout] error[E0131]: `main` function is not allowed to have generic parameters
[INFO] [stdout]  --> src/main.rs:1:1
[INFO] [stdout]   |
[INFO] [stdout] 1 | fn main(source: &str) -> String {
[INFO] [stdout]   | ^^^^^^^^^^^^^^^^^^^^^^^^^^^^^^^
[INFO] [stdout] 
[INFO] [stdout] 
[INFO] [stdout] error: aborting due to 3 previous errors
[INFO] [stdout] 
[INFO] [stdout] 
[INFO] [stdout] Some errors have detailed explanations: E0131, E0308.
[INFO] [stdout] 
[INFO] [stdout] For more information about an error, try `rustc --explain E0131`.
[INFO] [stdout] 
[INFO] [stderr] error: could not compile `boolean-query-parser`
[INFO] [stderr] 
[INFO] [stderr] To learn more, run the command again with --verbose.
[INFO] running `Command { std: "docker" "inspect" "2ea162872092eb67bcb2d7717188856e5633392beb668e13a4150323865c8ca2", kill_on_drop: false }`
[INFO] running `Command { std: "docker" "rm" "-f" "2ea162872092eb67bcb2d7717188856e5633392beb668e13a4150323865c8ca2", kill_on_drop: false }`
[INFO] [stdout] 2ea162872092eb67bcb2d7717188856e5633392beb668e13a4150323865c8ca2
